 Give n(2).
-3
Let a(t) = -6*t**2 - 6*t - t**3 + 1 + 4 + 2*t**3. Let o be ((-4)/(-2))/(19/1349). Let y = o - 135. Calculate a(y).
12
Let v(l) = -7*l - 154. Let k(n) = -n - 33. Let i(g) = -14*k(g) + 3*v(g). Let m = -2 + 4. Let b = m - 1. Calculate i(b).
-7
Let y(k) = -7*k**2 + 27*k + 17. Let i(o) = -3*o**2 + 13*o + 8. Let x(w) = -9*i(w) + 4*y(w). Suppose -2*d = -6, -4*d + 4 = -21*b + 23*b. Determine x(b).
16
Let p(t) = -t**3 + t**2 + 3. Let u be p(0). Let q(j) be the third derivative of j**6/120 - j**5/15 + j**4/8 + 202*j**2 + 3*j. What is q(u)?
0
Suppose u = 3*u + 14. Let p(l) = -6*l**3 - 3*l**2 - 8*l + 3. Let g(j) = -j**3 + j**2 + 1. Let z(x) = -5*g(x) + p(x). Calculate z(u).
5
Let h(z) = -7*z + 6. Let p(y) = 8*y - 7. Let a(w) = -3*h(w) - 2*p(w). Let b(s) = 1 - 4 + 2. Let r(f) = a(f) - 3*b(f). Calculate r(-1).
-6
Suppose q = -4*q + 5. Suppose f = 6 - 4. Let g(t) = -5*t**2 + 4*t**3 + 5 + 3*t**f - 2*t**3 - 4. Determine g(q).
1
Let v(p) = -2*p**3 + 5*p**2 + p - 3. Let r(a) be the first derivative of 9*a**4/4 - 7*a**3 - 2*a**2 + 13*a - 12. Let u(f) = 6*r(f) + 26*v(f). Give u(-2).
-4
Let v(n) = -3*n**2 - n - 1. Let l(q) = 14*q**2. Let s(o) = -l(o) - 5*v(o). Determine s(-3).
-1
Let i(t) = -t - 8. Suppose 24 = -2*v - 4*p, 0 = 3*v - v + 2*p + 14. Let k(q) = -q**2 - 4*q + 8. Let g be k(-6). Let l = g + v. Give i(l).
-2
Suppose 5*h = 3*g - 2*g + 40, 3*g = 3*h - 24. Suppose -11*p + h = -13*p. Let c(b) = b + 6. Give c(p).
2
Let i = -9 + 13. Let h = i + -4. Let c(z) = -z**2 - 4*z + 2. Let x(j) = -j**2 - 3*j + 2. Let s(v) = -4*c(v) + 5*x(v). Calculate s(h).
2
Let p be (2/3)/(10/105). Let u(b) = b - 4 - 5*b - 6*b + 11*b. What is u(p)?
3
Let u be (-36)/(-16) + 6/8. Suppose 0 = 5*b + 20, 40 = 5*p - 5*b - 0. Let c(l) = -p - u*l + 3 + 0. What is c(-1)?
2
Let o(i) be the second derivative of i**4/12 - i**3 + 4*i**2 - 122*i. What is o(4)?
0
Let s = -563 + 561. Let t(k) = 8*k**2 + k. Give t(s).
30
Let t(c) be the second derivative of c**2 + 0 - 1/6*c**3 - 2*c. Let i be (-2)/(5 - 102/18). What is t(i)?
-1
Let r be (12 - 1)/((-252)/(-35) - 7). Suppose -3*h - r = 8*h. Let m(a) = a. Give m(h).
-5
Suppose o - 1 + 2 = 0. Suppose -3*u - 4 = -22. Let s(c) = -1 - c**3 + u*c**3 - 5*c + 5*c. Calculate s(o).
-6
Suppose 5*t = 2*a - 7*a + 25, -3*a + 17 = t. Let v(z) = -z**2 + 2*z - 4. Determine v(a).
-28
Let w = 11 - 6. Let b(p) = w*p - 1 + 66*p**2 - 65*p**2 - 7. Calculate b(-6).
-2
Let s(r) be the third derivative of -r**4/24 + r**3 - 388*r**2. Determine s(3).
3
Let s(v) = -3*v + 10. Suppose -6*q + 4 = -5*q. Determine s(q).
-2
Let s(g) = -3*g + 1. Let i(l) = l**3 - 7*l**2 - 2*l - 15. Let u(z) = -z**3 + 7*z**2 + 3*z + 14. Let m(b) = 4*i(b) + 5*u(b). Let d be m(8). What is s(d)?
-5
Suppose 3*b = -2*c - 3*c + 20, -5*c + 15 = 2*b. Let p(n) = -c + 8 + 2*n - 1. Let u = 4 + -9. What is p(u)?
-4
Let v(t) = -3*t**2 + 3 - 7*t**3 + t**3 - 2 - 7*t**3 + 0*t**2 + t. Give v(1).
-14
Let x(q) be the second derivative of q**6/180 - q**5/40 + q**4/24 + 5*q**3/3 + 16*q. Let v(d) be the second derivative of x(d). Determine v(2).
3
Let x(q) = -q**3 + 3*q**2 - q - 3. Suppose -55*y + 56*y - 2 = 0. What is x(y)?
-1
Let x(d) be the second derivative of d**5/24 - d**4/4 - 3*d**3/2 - 17*d. Let r(g) be the second derivative of x(g). What is r(6)?
24
Let l(t) = t**2 + 1. Let y(p) = -6*p**2 + 8*p - 15. Let m(r) = -5*l(r) - y(r). Let v be (-952)/(-102)*(-6)/(-8). Calculate m(v).
3
Let o(n) = n**3 + 4*n**2 + 2*n - 2. Let s(a) = -a**3 + 7*a**2 - 3*a - 17. Let j be s(4). Suppose -l = -16 + j. Determine o(l).
1
Let x(f) = f**2 + 3*f + 4. Let y(t) = -2*t**2 + 5. Suppose -2*h = d + 6, 4*d - 5*h = -d. Let j be y(d). Determine x(j).
4
Let s(i) = -i**3 - 26*i**2 + 2*i + 64. Let x(y) = 5*y**2 - 12. Let h(c) = -2*s(c) - 11*x(c). Determine h(3).
19
Let j(h) be the third derivative of 0 - 14*h**2 - 1/60*h**5 + 1/6*h**3 + 0*h**4 + 0*h. Determine j(0).
1
Let g(l) = 5 - 6 + l**2 + 1. Let h be (-15)/20 + (-234)/8. Let a = h + 29. What is g(a)?
1
Let a(o) = -2*o**3 - 2*o**2 + 2*o. Let y be a(-2). Let q be (-2)/((y/20)/1). Let n = q - -10. Let f(v) = v**2 + v - 6. Calculate f(n).
-6
Let b(o) = -12*o**2 + 23*o - 6. Let y(d) = 17*d**2 - 34*d + 11. Let k(s) = -7*b(s) - 5*y(s). What is k(6)?
5
Let m(o) be the second derivative of o**5/20 + 5*o**4/12 + 5*o**3/6 - o**2 - o. Let s(v) = -6*v + 8. Let f be (2 + 4)*3/9. Let k be s(f). Calculate m(k).
-6
Let z be 5*1/(-2 - -3). Suppose 23 = z*n + 8. Let s(w) = -1 - 1 + 4 - 6 - n*w. Give s(-3).
5
Let p(j) = 3*j - 4*j - 6 + 5*j - j. What is p(8)?
18
Let p(s) = -s + 9*s - 10*s - 5. Let g(q) = -q - 2. Let c(w) = 5*g(w) - 3*p(w). Give c(-5).
0
Let b(c) = c**3 + 14*c**2 - 16*c - 20. Let v be b(-15). Let s(a) = a - 3. Give s(v).
-8
Let u be -1 + 2/(-16) + (-147)/(-24). Let s(m) = 2*m**3 - 19*m**2 - 21*m - 12. Let q(n) = n**3 - 10*n**2 - 11*n - 6. Let d(b) = 11*q(b) - 6*s(b). Give d(u).
6
Let q be 4*(34/(-8) - -2). Let n = q - -13. Let b(x) be the first derivative of x**4/4 - 4*x**3/3 - x**2/2 + 4960. Give b(n).
-4
Suppose 0 = -2*a - 0*a + r - 7, -a + 2*r = 5. Let x(d) = 88*d + 10 - 21 - 87*d + 8. What is x(a)?
-6
Let b(r) = 9*r + 8*r - r**2 + 3 - 6*r - 27. Let n be b(7). Let k(i) be the first derivative of -i**2/2 + 8*i + 2. Give k(n).
4
Let u(v) = 2*v + 78. Let b(y) = y + 56. Let i(n) = -7*b(n) + 5*u(n). Suppose -3*r + 2*l - 8 - 9 = 0, -3*l = -12. Give i(r).
-11
Let g(i) = -i - 5 + 6*i**2 - 5*i**2 + 2*i - 9. Suppose 2*l + 4*u = -12 + 36, 0 = -5*l - u + 87. Suppose -l*n = -17*n. Determine g(n).
-14
Let v(j) = -j**3 - 4*j**2 + 6*j + 6. Let s be v(-5). Let x(r) = 3 + r**3 - 2*r**3 + s + 1. Give x(0).
5
Let k(u) = -17*u**2 - 4*u - 7. Let m(p) = 28*p**2 + 9*p + 13. Let x(w) = 5*k(w) + 3*m(w). Determine x(7).
4
Let r(f) = -f**2 + f - 4. Let y be r(0). Let t = 5 + -2. Let v(i) = -3 - 1 - i - 3 + t + 4*i**2 + i**3. Give v(y).
0
Let g be (-37)/(-2) + 1/2. Let o = g + -22. Let m(k) = -k. Determine m(o).
3
Let y = 284 + -84. Let b be (1/2)/(5/y). Let j(x) = -1 - b*x + 17*x - x**2 - 4. Determine j(-5).
-15
Suppose -15 = -2*v - d, -3*d + 7*d - 42 = -5*v. Let u(p) = 2*p. What is u(v)?
12
Let v(s) = -s - 2. Let f be v(2). Let h(y) = -7*y. Let c(d) = d. Let r(j) = f*c(j) - h(j). What is r(-3)?
-9
Let y be -3 + (-39)/(-4)*24/6. Suppose 11*j + y = 2*j. Let v(h) = 7*h**2 - h + 17. Let x(g) = -4*g**2 + g - 9. Let b(r) = 3*v(r) + 5*x(r). Determine b(j).
14
Let q(z) = 1030*z + 4 + z**2 - 1025*z - 5 - 4. Let a(u) = -u**2 + 10*u - 4. Let l be a(4). Suppose 3*i + l = -i. Give q(i).
-5
Let l(q) = 5*q**2 - q. Let z(m) = -26*m**2 + 10*m - 3. Let h(p) = 5*l(p) + z(p). Calculate h(4).
1
Let q(x) = 12*x**2 + 13 - 19*x**3 - 14*x - 11*x**3 - 16*x**3 + 45*x**3. Determine q(11).
-20
Let r(v) = -v**2 - 4. Suppose 9*w = 14 + 22. What is r(w)?
-20
Let h(k) = 0*k**3 + 2*k**2 + 13*k**3 - k - k**2. Let u = 70 + -72. Let n be -1*((-1)/(-2))/(1/u). What is h(n)?
13
Let r be (-19)/(-5) + 2/10. Let s(m) = -5*m**2 - 4*m - 6. Let f(h) = h**2 + 1. Let q(y) = r*f(y) + s(y). Calculate q(-4).
-2
Let b(w) = -105*w + 50*w - 13 - w**2 + 3 + w**3 + 56*w. Let z(j) = j**3 - 4*j**2 + 4*j - 3. Let p be z(3). What is b(p)?
-10
Let r(i) = 10 - 3 + 7*i - i - 3*i - 5*i. Let a be ((-2)/6)/((-1)/21). Determine r(a).
-7
Let m(a) = -3*a**2 - 10*a + 7. Let t(c) = -8*c + 1 + 19*c - 12*c - c**2. Let g(j) = -m(j) + 4*t(j). Determine g(5).
2
Let t(c) = c**2 - 2*c - 6. Let u be 105/(-30)*4/(-7). Suppose 2*j + u*j = 20. Determine t(j).
9
Let u(q) = q + 2. Let g = 49 + -47. Suppose -3*s - g*s + 20 = 0. What is u(s)?
6
Let v = 5 + -6. Let x(l) = 32*l**2 + 23*l + 37. Let u(i) = 11*i**2 + 8*i + 13. Let c(g) = 17*u(g) - 6*x(g). Determine c(v).
-4
Suppose -291*k + 28 = -303*k - 8. Let z(c) be the third derivative of -c**5/20 - c**4/12 + c**2. What is z(k)?
-21
Suppose -9*o + 15*o = 54. Let u(r) = r**3 - 7*r**2 - 17*r - 9. Let m be u(o). Let y(x) = -x**2 + x - 8. Calculate y(m).
-8
Let d(z) = z**3 + 6*z**2 - 8*z + 1. Let q be d(-7). Let b = 12 - q. Let v = b + -2. Let o(x) = 2*x**3 - 2*x**2 - x - 1. Give o(v).
5
Let n = 41 - 41. Let h be (-4)/(-28)*n - 0/(-1). Let o(l) = -l**2 + l - 10. Let g(j) = -2*j**2 + 2*j - 11. Let s(d) = 2*g(d) - 3*o(d). Determine s(h).
8
Let w be (75/(-30))/((0 - -1)/(-2)). Let k(c) be the first derivative of -w*c + 3 + 1/2*c**2. Calculate k(0